[INFO] cloning repository https://github.com/Shadowmeister/Zygotopia
[INFO] running `Command { std: "git" "-c" "credential.helper=" "-c" "credential.helper=/workspace/cargo-home/bin/git-credential-null" "clone" "--bare" "https://github.com/Shadowmeister/Zygotopia" "/workspace/cache/git-repos/https%3A%2F%2Fgithub.com%2FShadowmeister%2FZygotopia", kill_on_drop: false }`
[INFO] [stderr] Cloning into bare repository '/workspace/cache/git-repos/https%3A%2F%2Fgithub.com%2FShadowmeister%2FZygotopia'...
[INFO] running `Command { std: "git" "rev-parse" "HEAD", kill_on_drop: false }`
[INFO] [stdout] 381dc843ece23ba701c15108cbdeda3f1f19d561
[INFO] checking Shadowmeister/Zygotopia against try#72f88fc4e9458f89516a0b8b0868f3718aec5b47 for pr-74989
[INFO] running `Command { std: "git" "clone" "/workspace/cache/git-repos/https%3A%2F%2Fgithub.com%2FShadowmeister%2FZygotopia" "/workspace/builds/worker-4/source", kill_on_drop: false }`
[INFO] [stderr] Cloning into '/workspace/builds/worker-4/source'...
[INFO] [stderr] done.
[INFO] validating manifest of git repo https://github.com/Shadowmeister/Zygotopia on toolchain 72f88fc4e9458f89516a0b8b0868f3718aec5b47
[INFO] running `Command { std: "/workspace/cargo-home/bin/cargo" "+72f88fc4e9458f89516a0b8b0868f3718aec5b47" "read-manifest" "--manifest-path" "Cargo.toml", kill_on_drop: false }`
[INFO] started tweaking git repo https://github.com/Shadowmeister/Zygotopia
[INFO] finished tweaking git repo https://github.com/Shadowmeister/Zygotopia
[INFO] tweaked toml for git repo https://github.com/Shadowmeister/Zygotopia written to /workspace/builds/worker-4/source/Cargo.toml
[INFO] crate git repo https://github.com/Shadowmeister/Zygotopia already has a lockfile, it will not be regenerated
[INFO] running `Command { std: "/workspace/cargo-home/bin/cargo" "+72f88fc4e9458f89516a0b8b0868f3718aec5b47" "fetch" "--locked" "--manifest-path" "Cargo.toml", kill_on_drop: false }`
[INFO] [stderr] error: the lock file /workspace/builds/worker-4/source/Cargo.lock needs to be updated but --locked was passed to prevent this
[INFO] [stderr] If you want to try to generate the lock file without accessing the network, use the --offline flag.
[INFO] the lockfile is outdated, regenerating it
[INFO] running `Command { std: "/workspace/cargo-home/bin/cargo" "+72f88fc4e9458f89516a0b8b0868f3718aec5b47" "generate-lockfile" "--manifest-path" "Cargo.toml" "-Zno-index-update", kill_on_drop: false }`
[INFO] running `Command { std: "/workspace/cargo-home/bin/cargo" "+72f88fc4e9458f89516a0b8b0868f3718aec5b47" "fetch" "--locked" "--manifest-path" "Cargo.toml", kill_on_drop: false }`
[INFO] [stderr]     Blocking waiting for file lock on package cache
[INFO] [stderr]     Blocking waiting for file lock on package cache
[INFO] [stderr]  Downloading crates ...
[INFO] [stderr]   Downloaded tobj v2.0.2
[INFO] running `Command { std: "docker" "create" "-v" "/var/lib/crater-agent-workspace/builds/worker-4/target:/opt/rustwide/target:rw,Z" "-v" "/var/lib/crater-agent-workspace/builds/worker-4/source:/opt/rustwide/workdir:ro,Z" "-v" "/var/lib/crater-agent-workspace/cargo-home:/opt/rustwide/cargo-home:ro,Z" "-v" "/var/lib/crater-agent-workspace/rustup-home:/opt/rustwide/rustup-home:ro,Z" "-e" "SOURCE_DIR=/opt/rustwide/workdir" "-e" "CARGO_TARGET_DIR=/opt/rustwide/target" "-e" "CARGO_HOME=/opt/rustwide/cargo-home" "-e" "RUSTUP_HOME=/opt/rustwide/rustup-home" "-w" "/opt/rustwide/workdir" "-m" "1610612736" "--user" "0:0" "--network" "none" "rustops/crates-build-env@sha256:d92eaeed33fa75130ca1ee6c8a01d1ffb62bac859dfdfb3450e3e5d1c0146529" "/opt/rustwide/cargo-home/bin/cargo" "+72f88fc4e9458f89516a0b8b0868f3718aec5b47" "metadata" "--no-deps" "--format-version=1", kill_on_drop: false }`
[INFO] [stdout] f596d8133e09d1421d885cb8d46b368e6683bbe86e8fe075e5d317e48fe2f48e
[INFO] [stderr] WARNING: Your kernel does not support swap limit capabilities or the cgroup is not mounted. Memory limited without swap.
[INFO] running `Command { std: "docker" "start" "-a" "f596d8133e09d1421d885cb8d46b368e6683bbe86e8fe075e5d317e48fe2f48e", kill_on_drop: false }`
[INFO] running `Command { std: "docker" "inspect" "f596d8133e09d1421d885cb8d46b368e6683bbe86e8fe075e5d317e48fe2f48e", kill_on_drop: false }`
[INFO] running `Command { std: "docker" "rm" "-f" "f596d8133e09d1421d885cb8d46b368e6683bbe86e8fe075e5d317e48fe2f48e", kill_on_drop: false }`
[INFO] [stdout] f596d8133e09d1421d885cb8d46b368e6683bbe86e8fe075e5d317e48fe2f48e
[INFO] running `Command { std: "docker" "create" "-v" "/var/lib/crater-agent-workspace/builds/worker-4/target:/opt/rustwide/target:rw,Z" "-v" "/var/lib/crater-agent-workspace/builds/worker-4/source:/opt/rustwide/workdir:ro,Z" "-v" "/var/lib/crater-agent-workspace/cargo-home:/opt/rustwide/cargo-home:ro,Z" "-v" "/var/lib/crater-agent-workspace/rustup-home:/opt/rustwide/rustup-home:ro,Z" "-e" "SOURCE_DIR=/opt/rustwide/workdir" "-e" "CARGO_TARGET_DIR=/opt/rustwide/target" "-e" "CARGO_INCREMENTAL=0" "-e" "RUST_BACKTRACE=full" "-e" "RUSTFLAGS=--cap-lints=forbid" "-e" "CARGO_HOME=/opt/rustwide/cargo-home" "-e" "RUSTUP_HOME=/opt/rustwide/rustup-home" "-w" "/opt/rustwide/workdir" "-m" "1610612736" "--user" "0:0" "--network" "none" "rustops/crates-build-env@sha256:d92eaeed33fa75130ca1ee6c8a01d1ffb62bac859dfdfb3450e3e5d1c0146529" "/opt/rustwide/cargo-home/bin/cargo" "+72f88fc4e9458f89516a0b8b0868f3718aec5b47" "check" "--frozen" "--all" "--all-targets" "--message-format=json", kill_on_drop: false }`
[INFO] [stdout] e933a3d2bde2159156a2ac3045836a892a713af15af0f69323f62472d51d9ce0
[INFO] [stderr] WARNING: Your kernel does not support swap limit capabilities or the cgroup is not mounted. Memory limited without swap.
[INFO] running `Command { std: "docker" "start" "-a" "e933a3d2bde2159156a2ac3045836a892a713af15af0f69323f62472d51d9ce0", kill_on_drop: false }`
[INFO] [stderr]    Compiling log v0.4.11
[INFO] [stderr]     Checking cfg-if v0.1.10
[INFO] [stderr]     Checking lazy_static v1.4.0
[INFO] [stderr]    Compiling bitflags v1.2.1
[INFO] [stderr]     Checking slab v0.4.2
[INFO] [stderr]     Checking lazycell v1.3.0
[INFO] [stderr]    Compiling pkg-config v0.3.18
[INFO] [stderr]     Checking downcast-rs v1.2.0
[INFO] [stderr]    Compiling cc v1.0.59
[INFO] [stderr]     Checking smallvec v1.4.2
[INFO] [stderr]     Checking instant v0.1.6
[INFO] [stderr]     Checking percent-encoding v2.1.0
[INFO] [stderr]     Checking gimli v0.22.0
[INFO] [stderr]     Checking adler v0.2.3
[INFO] [stderr]     Checking rustc-demangle v0.1.16
[INFO] [stderr]     Checking object v0.20.0
[INFO] [stderr]     Checking fnv v1.0.7
[INFO] [stderr]     Checking tobj v2.0.2
[INFO] [stderr]    Compiling miniz_oxide v0.4.2
[INFO] [stderr]    Compiling memoffset v0.5.5
[INFO] [stderr]     Checking libloading v0.6.3
[INFO] [stderr]     Checking net2 v0.2.35
[INFO] [stderr]     Checking iovec v0.1.4
[INFO] [stderr]     Checking memmap v0.7.0
[INFO] [stderr]     Checking raw-window-handle v0.3.3
[INFO] [stderr]     Checking shared_library v0.1.9
[INFO] [stderr]     Checking parking_lot_core v0.7.2
[INFO] [stderr]     Checking ordered-float v1.1.0
[INFO] [stderr]     Checking approx v0.3.2
[INFO] [stderr]     Checking line_drawing v0.7.0
[INFO] [stderr]     Checking dlib v0.4.2
[INFO] [stderr]     Checking osmesa-sys v0.1.2
[INFO] [stderr]     Checking parking_lot v0.10.2
[INFO] [stderr]     Checking nix v0.14.1
[INFO] [stderr]    Compiling gl_generator v0.14.0
[INFO] [stderr]     Checking rusttype v0.8.3
[INFO] [stderr]     Checking wayland-sys v0.23.6
[INFO] [stderr]    Compiling x11-dl v2.18.5
[INFO] [stderr]     Checking mio v0.6.22
[INFO] [stderr]    Compiling libloading v0.5.2
[INFO] [stderr]     Checking rusttype v0.7.9
[INFO] [stderr]     Checking mio-extras v2.0.6
[INFO] [stderr]     Checking andrew v0.2.1
[INFO] [stderr]    Compiling glutin_egl_sys v0.1.5
[INFO] [stderr]    Compiling glutin_glx_sys v0.1.7
[INFO] [stderr]    Compiling glium v0.27.0
[INFO] [stderr]     Checking addr2line v0.13.0
[INFO] [stderr]     Checking backtrace v0.3.50
[INFO] [stderr]     Checking wayland-commons v0.23.6
[INFO] [stderr]     Checking calloop v0.4.4
[INFO] [stderr]     Checking wayland-client v0.23.6
[INFO] [stderr]     Checking wayland-protocols v0.23.6
[INFO] [stderr]     Checking smithay-client-toolkit v0.6.6
[INFO] [stderr]     Checking winit v0.22.2
[INFO] [stderr]     Checking glutin v0.24.1
[INFO] [stderr]     Checking zygotopia v0.1.0 (/opt/rustwide/workdir)
[INFO] [stdout] error[E0432]: unresolved import `glium::DisplayBuild`
[INFO] [stdout]   --> src/main.rs:44:17
[INFO] [stdout]    |
[INFO] [stdout] 44 |     use glium::{DisplayBuild, Surface};
[INFO] [stdout]    |                 ^^^^^^^^^^^^ no `DisplayBuild` in the root
[INFO] [stdout] 
[INFO] [stdout] 
[INFO] [stdout] error[E0433]: failed to resolve: could not find `Event` in `glutin`
[INFO] [stdout]    --> src/main.rs:144:32
[INFO] [stdout]     |
[INFO] [stdout] 144 |                 glium::glutin::Event::Closed => return, // the window has been closed by the user
[INFO] [stdout]     |                                ^^^^^ could not find `Event` in `glutin`
[INFO] [stdout] 
[INFO] [stdout] 
[INFO] [stdout] error[E0433]: failed to resolve: could not find `WindowBuilder` in `glutin`
[INFO] [stdout]   --> src/main.rs:54:24
[INFO] [stdout]    |
[INFO] [stdout] 54 |         glium::glutin::WindowBuilder::new()
[INFO] [stdout]    |                        ^^^^^^^^^^^^^ not found in `glium::glutin`
[INFO] [stdout]    |
[INFO] [stdout] help: consider importing this struct
[INFO] [stdout]    |
[INFO] [stdout] 7  | use glium::glutin::window::WindowBuilder;
[INFO] [stdout]    |
[INFO] [stdout] 
[INFO] [stdout] 
[INFO] [stdout] error[E0433]: failed to resolve: could not find `WindowBuilder` in `glutin`
[INFO] [stdout]   --> src/main.rs:59:24
[INFO] [stdout]    |
[INFO] [stdout] 59 |         glium::glutin::WindowBuilder::new()
[INFO] [stdout]    |                        ^^^^^^^^^^^^^ not found in `glium::glutin`
[INFO] [stdout]    |
[INFO] [stdout] help: consider importing this struct
[INFO] [stdout]    |
[INFO] [stdout] 7  | use glium::glutin::window::WindowBuilder;
[INFO] [stdout]    |
[INFO] [stdout] 
[INFO] [stdout] 
[INFO] [stdout] error[E0425]: cannot find function `print_model_info` in crate `tobj`
[INFO] [stdout]   --> src/main.rs:69:11
[INFO] [stdout]    |
[INFO] [stdout] 69 |     tobj::print_model_info(&models[..], &materials[..]);
[INFO] [stdout]    |           ^^^^^^^^^^^^^^^^ not found in `tobj`
[INFO] [stdout] 
[INFO] [stdout] 
[INFO] [stdout] warning: use of deprecated macro `try`: use the `?` operator instead
[INFO] [stdout]   --> src/shader_helper.rs:10:17
[INFO] [stdout]    |
[INFO] [stdout] 10 |     let mut f = try!(File::open(path));
[INFO] [stdout]    |                 ^^^
[INFO] [stdout]    |
[INFO] [stdout]    = note: `#[warn(deprecated)]` on by default
[INFO] [stdout] 
[INFO] [stdout] 
[INFO] [stdout] warning: use of deprecated macro `try`: use the `?` operator instead
[INFO] [stdout]   --> src/shader_helper.rs:12:5
[INFO] [stdout]    |
[INFO] [stdout] 12 |     try!(f.read_to_string(&mut s));
[INFO] [stdout]    |     ^^^
[INFO] [stdout] 
[INFO] [stdout] 
[INFO] [stdout] error[E0432]: unresolved import `glium::DisplayBuild`
[INFO] [stdout]   --> src/main.rs:44:17
[INFO] [stdout]    |
[INFO] [stdout] 44 |     use glium::{DisplayBuild, Surface};
[INFO] [stdout]    |                 ^^^^^^^^^^^^ no `DisplayBuild` in the root
[INFO] [stdout] 
[INFO] [stdout] 
[INFO] [stdout] error[E0433]: failed to resolve: could not find `Event` in `glutin`
[INFO] [stdout]    --> src/main.rs:144:32
[INFO] [stdout]     |
[INFO] [stdout] 144 |                 glium::glutin::Event::Closed => return, // the window has been closed by the user
[INFO] [stdout]     |                                ^^^^^ could not find `Event` in `glutin`
[INFO] [stdout] 
[INFO] [stdout] 
[INFO] [stdout] error[E0433]: failed to resolve: could not find `WindowBuilder` in `glutin`
[INFO] [stdout]   --> src/main.rs:54:24
[INFO] [stdout]    |
[INFO] [stdout] 54 |         glium::glutin::WindowBuilder::new()
[INFO] [stdout]    |                        ^^^^^^^^^^^^^ not found in `glium::glutin`
[INFO] [stdout]    |
[INFO] [stdout] help: consider importing this struct
[INFO] [stdout]    |
[INFO] [stdout] 7  | use glium::glutin::window::WindowBuilder;
[INFO] [stdout]    |
[INFO] [stdout] 
[INFO] [stdout] 
[INFO] [stdout] error[E0433]: failed to resolve: could not find `WindowBuilder` in `glutin`
[INFO] [stdout]   --> src/main.rs:59:24
[INFO] [stdout]    |
[INFO] [stdout] 59 |         glium::glutin::WindowBuilder::new()
[INFO] [stdout]    |                        ^^^^^^^^^^^^^ not found in `glium::glutin`
[INFO] [stdout]    |
[INFO] [stdout] help: consider importing this struct
[INFO] [stdout]    |
[INFO] [stdout] 7  | use glium::glutin::window::WindowBuilder;
[INFO] [stdout]    |
[INFO] [stdout] 
[INFO] [stdout] 
[INFO] [stdout] error[E0425]: cannot find function `print_model_info` in crate `tobj`
[INFO] [stdout]   --> src/main.rs:69:11
[INFO] [stdout]    |
[INFO] [stdout] 69 |     tobj::print_model_info(&models[..], &materials[..]);
[INFO] [stdout]    |           ^^^^^^^^^^^^^^^^ not found in `tobj`
[INFO] [stdout] 
[INFO] [stdout] 
[INFO] [stdout] warning: use of deprecated macro `try`: use the `?` operator instead
[INFO] [stdout]   --> src/shader_helper.rs:10:17
[INFO] [stdout]    |
[INFO] [stdout] 10 |     let mut f = try!(File::open(path));
[INFO] [stdout]    |                 ^^^
[INFO] [stdout]    |
[INFO] [stdout]    = note: `#[warn(deprecated)]` on by default
[INFO] [stdout] 
[INFO] [stdout] 
[INFO] [stdout] warning: use of deprecated macro `try`: use the `?` operator instead
[INFO] [stdout]   --> src/shader_helper.rs:12:5
[INFO] [stdout]    |
[INFO] [stdout] 12 |     try!(f.read_to_string(&mut s));
[INFO] [stdout]    |     ^^^
[INFO] [stdout] 
[INFO] [stdout] 
[INFO] [stdout] error[E0061]: this function takes 2 arguments but 1 argument was supplied
[INFO] [stdout]   --> src/main.rs:65:16
[INFO] [stdout]    |
[INFO] [stdout] 65 |     let rock = tobj::load_obj(&Path::new("pics/Tree_02.obj"));
[INFO] [stdout]    |                ^^^^^^^^^^^^^^ ------------------------------ supplied 1 argument
[INFO] [stdout]    |                |
[INFO] [stdout]    |                expected 2 arguments
[INFO] [stdout] 
[INFO] [stdout] 
[INFO] [stdout] error[E0061]: this function takes 2 arguments but 1 argument was supplied
[INFO] [stdout]   --> src/main.rs:65:16
[INFO] [stdout]    |
[INFO] [stdout] 65 |     let rock = tobj::load_obj(&Path::new("pics/Tree_02.obj"));
[INFO] [stdout]    |                ^^^^^^^^^^^^^^ ------------------------------ supplied 1 argument
[INFO] [stdout]    |                |
[INFO] [stdout]    |                expected 2 arguments
[INFO] [stdout] 
[INFO] [stdout] 
[INFO] [stdout] warning: unused import: `Surface`
[INFO] [stdout]   --> src/main.rs:44:31
[INFO] [stdout]    |
[INFO] [stdout] 44 |     use glium::{DisplayBuild, Surface};
[INFO] [stdout]    |                               ^^^^^^^
[INFO] [stdout]    |
[INFO] [stdout]    = note: `#[warn(unused_imports)]` on by default
[INFO] [stdout] 
[INFO] [stdout] 
[INFO] [stdout] error: aborting due to 6 previous errors; 3 warnings emitted
[INFO] [stdout] 
[INFO] [stdout] 
[INFO] [stdout] Some errors have detailed explanations: E0061, E0425, E0432, E0433.
[INFO] [stdout] 
[INFO] [stdout] For more information about an error, try `rustc --explain E0061`.
[INFO] [stdout] 
[INFO] [stdout] warning: unused import: `Surface`
[INFO] [stdout]   --> src/main.rs:44:31
[INFO] [stdout]    |
[INFO] [stdout] 44 |     use glium::{DisplayBuild, Surface};
[INFO] [stdout]    |                               ^^^^^^^
[INFO] [stdout]    |
[INFO] [stdout]    = note: `#[warn(unused_imports)]` on by default
[INFO] [stdout] 
[INFO] [stdout] 
[INFO] [stderr] error: could not compile `zygotopia`.
[INFO] [stderr] 
[INFO] [stderr] To learn more, run the command again with --verbose.
[INFO] [stderr] warning: build failed, waiting for other jobs to finish...
[INFO] [stdout] error: aborting due to 6 previous errors; 3 warnings emitted
[INFO] [stdout] 
[INFO] [stdout] 
[INFO] [stdout] Some errors have detailed explanations: E0061, E0425, E0432, E0433.
[INFO] [stdout] 
[INFO] [stdout] For more information about an error, try `rustc --explain E0061`.
[INFO] [stdout] 
[INFO] [stderr] error: build failed
[INFO] running `Command { std: "docker" "inspect" "e933a3d2bde2159156a2ac3045836a892a713af15af0f69323f62472d51d9ce0", kill_on_drop: false }`
[INFO] running `Command { std: "docker" "rm" "-f" "e933a3d2bde2159156a2ac3045836a892a713af15af0f69323f62472d51d9ce0", kill_on_drop: false }`
[INFO] [stdout] e933a3d2bde2159156a2ac3045836a892a713af15af0f69323f62472d51d9ce0
